 of (2/g)/(n/(-36))?
6
Suppose -4*y + 30 = y. What is the units digit of y?
6
Let q(v) = -v**2 + 2*v + 7. What is the units digit of q(0)?
7
What is the hundreds digit of 412/12*(-1 + 4)?
1
Suppose -5*d = -d + 24. What is the units digit of -3*(2/d - 2)?
7
Let x(k) be the first derivative of -15*k**2/2 - 7*k + 5. What is the tens digit of x(-3)?
3
Suppose v - 40 = -2. What is the units digit of v?
8
Let w(v) = 254*v - 15. Let p(m) = 51*m - 3. Let u(k) = -11*p(k) + 2*w(k). What is the units digit of u(-1)?
6
Suppose 4*i + 5 = -3. Let y = i - -9. What is the units digit of y?
7
Let s(m) = m**3 - 7*m**2 + 6. Let h be (-20)/8*-14*1. Suppose i - h = -4*i. What is the units digit of s(i)?
6
Suppose 337 - 1232 = -5*k. What is the hundreds digit of k?
1
Suppose -3*o = g, -5*o + 2 = 2*g + 1. What is the tens digit of (0 + o)/1*-15?
1
Let s be -1 + 3 + 0/(-2). Suppose 2 = -0*d + s*d. What is the units digit of (-4)/12*d*-3?
1
Suppose -d = d - 56. Let m = -14 + d. What is the units digit of m?
4
Suppose 5*v - 2*v - 219 = 0. What is the tens digit of v?
7
Let a = 90 + -32. What is the units digit of a?
8
Let h(n) = 5*n + 12. Let u be h(9). What is the units digit of u/12 + 1/4?
5
Let s(z) = z**3 + 9*z**2 - 18*z + 14. What is the tens digit of s(-8)?
2
Let f be (-2)/1 - -1 - -5. Let m(t) = -t**2 + 5*t - 1. Let g be m(f). What is the tens digit of (-26)/(-2) + g/(-1)?
1
Suppose -4*p + p + 342 = 5*l, 3*l + 366 = 3*p. What is the hundreds digit of p?
1
Suppose -8 = -2*n + 4. Suppose 0 = 3*o + 12 + n. What is the units digit of ((-4)/6)/(o/27)?
3
Let b(t) = -t**3 - 10*t**2 - 9*t - 5. Let d be b(-9). Let f be d/(-20) + 30/8. Suppose 0 = 4*m + f*u + 4, 5*m + 2*u = u + 15. What is the units digit of m?
4
Let x be (-108)/(-3)*2/(-4). Let b = 10 - x. Suppose 0 = 2*w + 3*j - b - 2, 26 = 2*w + 2*j. What is the units digit of w?
9
Let l = 3 - 1. Suppose 5*b = 4*m - 6 + 18, 4*m + l*b - 16 = 0. Let f = m - 0. What is the units digit of f?
2
Let w = 133 - -158. What is the units digit of w?
1
Suppose 0*t + 5 = t. Suppose t*o = 3*o + 10. Suppose 107 - 37 = o*v. What is the units digit of v?
4
Let i = -2 + 1. Let f(z) = 12*z - 72. Let o be f(6). What is the tens digit of 3 + i + o + 16?
1
Let c be (7 + -1)*15/18. What is the units digit of 50/4*18/c?
5
What is the tens digit of ((-2535)/(-6))/5 + (-3)/6?
8
Suppose 11 = 5*j - 199. What is the units digit of j?
2
Suppose -g = -2*x - 3*x - 4, 0 = 3*x + 3*g - 12. Let f be x + 0 + (-12)/(-3). Suppose -f*i + 3*n = 5*n - 12, -3*i = -5*n + 4. What is the units digit of i?
2
Let z(v) be the first derivative of v**3/3 - 9*v**2/2 - 14*v + 4. What is the units digit of z(11)?
8
Let a be -1 + (-2 + 4 - -1). Suppose a*s + 18 = 42. What is the tens digit of s?
1
Let k = -551 + 864. What is the hundreds digit of k?
3
What is the hundreds digit of (-2)/(-6) + (-1)/((-3)/827)?
2
Let v = -4 - -5. Let n = v + -1. What is the units digit of (-21)/3*(-1 + n)?
7
Suppose 3*o - 3 = 4*o. What is the units digit of 21/(-7)*8/o?
8
Let p(j) = j + 4. Let a be p(0). Suppose 0 = -a*f + 2*f + 12. What is the units digit of f?
6
Suppose d = f + 35, -2*d - 7*f + 42 = -2*f. What is the units digit of d?
1
Let a(q) be the third derivative of -q**6/60 + q**5/60 - q**3/2 + q**2. Let u be a(-3). Suppose -4*k + u = 4. What is the units digit of k?
4
Let r be ((-16)/20)/(2/30). Let s = r + 16. What is the units digit of s?
4
Suppose -50 = -5*t + 5. What is the tens digit of t?
1
Suppose -22*f + 21*f = -62. What is the tens digit of f?
6
Let n = 19 + -1. What is the units digit of n?
8
Suppose 3*n + 0*n - 543 = 0. What is the hundreds digit of n?
1
Let m(b) = -b**3 + b. Let i be m(-1). Suppose -3*y + 0 + 15 = i. Suppose 4*w - y*w + 10 = 0. What is the tens digit of w?
1
Let s be 4/(6/3) - 1. What is the tens digit of 35/(-14)*-4*s?
1
Let p(z) = z**3 + 2*z**2 - 8*z - 6. Let r be p(-4). Let n(u) = u - 8. Let x be n(0). Let h = r - x. What is the units digit of h?
2
Let x = 157 - 135. What is the tens digit of x?
2
What is the units digit of 6/8 - 1017/(-36)?
9
What is the units digit of (-7)/(14/(-80)) + 2 + -1?
1
Let f be (1/2*2)/(-1). Let v(j) = -24*j + 2. What is the tens digit of v(f)?
2
Let g(c) = c**2 - 4*c + 4. Let k be g(3). Let h = -30 - -19. Let s = k - h. What is the tens digit of s?
1
Suppose -5*w + 0*w + 162 = -2*y, -2*w + y + 64 = 0. What is the units digit of w?
4
Let v(s) be the second derivative of -s**5/20 + s**4/3 + s**3/6 + 2*s**2 + 3*s. What is the units digit of v(4)?
8
Suppose 3*p - 462 - 63 = 0. What is the tens digit of p?
7
Let s be -10 + (3 - 0)/(-3). Let o = 17 + s. What is the units digit of o?
6
Let a(r) = -r + 3. What is the units digit of a(-4)?
7
Let h(i) = 15*i**2 - 4*i - 5. What is the tens digit of h(-3)?
4
Suppose -5*a = -n + 21, 5*n + 9 + 2 = -4*a. Let h be 1/(n/5) + -1. Suppose h*t = -3*g - 3, 2*g - 3*g - 5*t = 12. What is the units digit of g?
3
Let s(k) = -5*k. Let g be s(6). Let v = g + 60. What is the tens digit of v?
3
Let k(h) = -h**3 - 4*h**2 + 2*h - 2. Suppose -4*v + 17 = -5*z - 4, 4*v = -5*z - 29. What is the tens digit of k(z)?
1
Let j(m) = m**3 + m**2 - 3*m + 2. Let z be j(2). Suppose -o - z = -14. What is the units digit of o?
6
Let y(z) = -z**3 - 6*z**2 - 6*z + 5. What is the units digit of y(-5)?
0
Suppose 280 = 5*k - 215. What is the units digit of k?
9
Let i(u) = u**3 - 2*u**2 - u - 2. Let f be i(3). Suppose f*c = 5*p - 80, 17 = p - c - 0*c. What is the tens digit of p?
1
Let y(v) = -v**3 + 2*v**2 + v. Let h be y(-1). Suppose h*l = -3*o + 115, o = -2*o - l + 113. What is the tens digit of o?
3
Let i be (0 - 1)/(2/(-8)). Suppose -5*y + 0*y - 4*n = -123, y - 31 = -i*n. What is the units digit of y?
3
Suppose -2*y = 3*t + 8, y - 14 = 2*y + 4*t. Suppose -j + 17 = y*d, -2*j - d = -0*d - 49. Suppose j = 2*v + v. What is the units digit of v?
9
Suppose -2*n + 220 = 2*s, 2*s - 446 = -2*n - 2*n. What is the hundreds digit of n?
1
Suppose 2*c = -4*c + 264. What is the units digit of c?
4
Suppose 2*g + 42 = -g. Let m = g - -42. What is the tens digit of m?
2
Suppose -b - 111 = -2*c, -5*c = 4*b + 1 - 311. Suppose 5*n = 8 - c. Let l = n + 16. What is the units digit of l?
6
Suppose -k - 5*c - 75 = -3*k, 4*k - 115 = 3*c. What is the units digit of k?
5
Suppose -7 = 2*l - 3*y, 3*l - 2*y = -y + 7. Let g(f) = -4 - l - 6*f + f**2 + 5. What is the units digit of g(7)?
4
Let f = 215 + -95. What is the tens digit of (-16)/3*f/(-16)?
4
Let k be 0 + 1 - (-2)/2. Suppose 0*b - 22 = -k*i + 3*b, 44 = 3*i + b. Suppose -r + i = -2. What is the units digit of r?
6
What is the units digit of -1*(-10 - -5) - -222?
7
Let q be (2/(-5))/((-1)/30). Let k = q + -2. What is the tens digit of k?
1
Let v = 9 - -3. What is the units digit of v?
2
Let d(y) = -2*y. Let p be d(-1). Let j(h) = -4 + h**2 + 2*h**2 + 7*h - 3*h**p - h**2. What is the units digit of j(5)?
6
Let y = -19 - -36. What is the tens digit of y?
1
Let w(h) = -h**3 + 11*h**2 - 11*h + 15. Let v be w(10). Let q = v - -11. What is the tens digit of q?
1
Let b(x) be the third derivative of x**5/60 + x**4/24 + 2*x**3/3 + 2*x**2. What is the units digit of b(-3)?
0
Suppose 20 = -5*j - 3*z, 4*j - z + 5 + 11 = 0. What is the units digit of j/8*-6 - -20?
3
Let b(h) = 1 + 3*h**3 + 2 - 4*h**3 + 8*h**2 - 4*h + 14*h. What is the units digit of b(9)?
2
Let s(b) = b**3 + 3*b**2 + 2*b + 1. Let q be s(-2). What is the units digit of (-1)/(3/(-15)) - q?
4
Suppose -55 = -2*w + 2*r + 57, 166 = 3*w - 5*r. What is the units digit of w?
7
Let i(m) = 3*m**3 - m**2 + 1 + 0*m**3 + 0*m**2. Let r = 0 + 1. What is the units digit of i(r)?
3
Let q(n) = n + 9. Let r be q(-5). Suppose 2*s + 14 = r*s. Suppose 5*j - s = 18. What is the units digit of j?
5
Let a = 5 + -2. Let y be (-2 + 2)/(1 - 0). Suppose y = 2*b + 2*b + 16, -a*v = b - 8. What is the units digit of v?
4
What is the units digit of 3 - 23/(-2)*(-2 - -12)?
8
Suppose 0 = -4*a - 2*g - 16, -1 = a + 2*g - 0. Let x(f) = 4*f + f + 7 - 6*f. What is the tens digit of x(a)?
1
Let w = -3 - -5. What is the units digit of w?
2
What is the hundreds digit of (-4)/18 - 478*2/(-9)?
1
Let f = -13 + 28. What is the tens digit of ((-132)/f - -4)*-5?
2
Suppose 0 = 4*c, 5*c - 1 - 11 = -4*j. Suppose -j*t = -t + 5*d - 119, d = -3*t + 159. Suppose 3*n = -2*z + 4, 4*z - n - 4*